of 201 and x?
3
Let w(z) = 114*z - 39*z - 33*z - 40*z - 1. Suppose -4*y = 2*r - 2*y, 0 = -r + y + 10. Let c be w(r). What is the greatest common divisor of 72 and c?
9
Suppose -2*x + 116 = -20. Let d(h) = 0 - h**3 - 24 + 266*h - 15*h**2 + 92 - 234*h. Let g be d(-17). What is the greatest common factor of g and x?
34
Let h(l) = 27*l**2 + 2*l + 2. Let a be h(-1). Let y = 33 - a. Suppose -2*n + 3*d = -39, 2*d = -2*n - d + 57. Calculate the greatest common divisor of n and y.
6
Suppose -3*b + 0*i + 555 = 3*i, 25 = 5*i. Calculate the highest common divisor of 84 and b.
12
Let t(z) = -4*z**2 - z. Let x be t(1). Let q(n) = n**3 + 4*n**2 - 9*n + 9. Let o be q(x). What is the greatest common divisor of o and 29?
29
Suppose 4*n + 0 = 2*a - 44, -n = -2*a + 47. Suppose l = -2*i - 0*i + 13, 4*l - 16 = -2*i. Calculate the highest common divisor of i and a.
6
Suppose 7*a = 8 - 188 - 16. Let t be (-1 + 3/2)*58. Let m = a + t. Calculate the greatest common divisor of m and 19.
1
Suppose 3*d - 471 = 3*j, -3*j - 2*d - 451 = -d. Let w = j - -185. Suppose 2*r + 0*r = 528. What is the highest common factor of w and r?
33
Let p = 117 + -64. Suppose 42*d - 28*d - 854 = 0. Let u(s) = 2*s**3 - 122*s**2 + 2*s + 90. Let z be u(d). What is the highest common divisor of z and p?
53
Let m(i) be the second derivative of i**5/20 - 2*i**4/3 + i**3/6 + 8*i**2 + 69*i. Let h be m(8). What is the greatest common divisor of h and 408?
24
Let x = 16485 + -16034. Let y(s) = -40*s + 1. Let c be y(-1). What is the greatest common factor of x and c?
41
Let d(a) = -292*a + 3001. Let f be d(10). What is the highest common factor of 2997 and f?
81
Suppose -5*f + 4*l + 53 = l, 5 = f - 2*l. Suppose -19*h + f*h + 186 = 0. What is the greatest common factor of h and 310?
31
Let k be (-2)/(1/(5/(-2))). Let o be (-10)/25 - (3 - 167/k). Suppose n + 60 = 4*h, -5*h = -2*h + 3*n - o. Calculate the highest common divisor of 168 and h.
14
Suppose 17831 = 25*z - 18244. Calculate the highest common divisor of 39 and z.
39
Suppose -3*n = -10*n + 231. Suppose 0 = -16*l + n + 159. Suppose -45 = -m - l. What is the greatest common divisor of m and 55?
11
Suppose 2*w - 12 = 14. Suppose -2*g - 146 = -4*z, 5*g - 41 + 10 = -z. Let t = z + 29. Calculate the highest common factor of t and w.
13
Let s be 3*-1*((-10)/3)/2. Let k be -7 + (-1)/(-5)*s. Let q be 265/5 + k/(-2). Calculate the highest common factor of 16 and q.
8
Let y = 18 + 251. Let v = y + -255. Calculate the greatest common factor of v and 112.
14
Let o(l) = -11*l + 52. Let v be o(-27). Let x = -343 + v. Let j = -2 - -5. Calculate the highest common divisor of j and x.
3
Suppose g + g + 4*x + 12 = 0, 0 = 5*x + 20. Suppose 0 = 2*h + g*h - 864. Let d = 2276 - 2249. What is the greatest common divisor of d and h?
27
Suppose -2*h = -4*h + 2*m + 388, h = 4*m + 209. Let f(y) = -12*y + 37. Let d be f(-6). Let s = d + -88. Calculate the greatest common factor of h and s.
21
Let r be 324/7 - (-20)/(-70). Let l = 1534 - 1281. Calculate the highest common factor of r and l.
23
Let w be -1*(2 + -51*(2 - 1)). Suppose -3*d + 61 = l, 5*l - 2*d - 273 = w. What is the greatest common factor of 192 and l?
64
Let z(l) = -l**3 - 6*l**2 - l - 30. Let p be z(-7). What is the highest common divisor of 1222 and p?
26
Suppose -89*k + 109*k + 678600 = 345*k. Calculate the greatest common divisor of 9 and k.
9
Let c(r) = -6 - 3*r**2 - 2 + 24 + 2*r + r**2 - 2*r**3. Let w be c(0). What is the highest common factor of 4 and w?
4
Let b be (-1 + -2)/(8/(-48)). Let y = -1281 - -1329. What is the highest common factor of y and b?
6
Let g be -7 + 45/6 + 510/4. Let u be 4/(-10) + (-168)/(-20). Calculate the greatest common factor of u and g.
8
Let q(l) = -134*l**2 + 137*l**2 - 2 - 1 - 21*l. Let n be q(8). Suppose 4*z - n = -b + 23, b = -2*z + 20. Calculate the greatest common divisor of z and 6.
6
Suppose -64 = 5*v - v. Let q = 30 + v. Suppose 0 = 16*u - q*u - 32. Calculate the greatest common divisor of 112 and u.
16
Let w(t) = -20*t + 28. Let m(a) = 4*a - 5. Let z(n) = -22*m(n) - 4*w(n). Let p be z(-2). Calculate the greatest common factor of p and 119.
7
Let d(f) = -28*f + 779. Let u(j) = 9*j - 258. Let s(r) = -2*d(r) - 7*u(r). Let n be s(34). What is the highest common divisor of n and 135?
5
Let h = 3121 + -1471. Suppose -h = l - 26*l. Calculate the highest common factor of l and 363.
33
Suppose 2*k + 844*n - 192 = 846*n, -5*k - 2*n + 396 = 0. Let z be 4/14 + 500/14. What is the highest common factor of z and k?
12
Let t(g) = -2*g + 1. Let v be t(-8). Suppose v*c - 18*c = -64. Suppose -o - 3*o + 92 = -5*b, 5*b + c = 3*o. What is the highest common divisor of o and 14?
14
Let a be (8 + 2)*(-10)/60*153/(-3). Let v(z) = 8*z**2 - 2*z - 2. Let g be v(-2). What is the greatest common factor of a and g?
17
Let f(o) = 3056*o**2 - o + 1. Let i be f(1). Calculate the highest common divisor of i and 16.
16
Suppose 3*l - 8 = 5*x + 143, -5*l - 4*x + 264 = 0. Let h(w) = 11*w**2 - 698*w - 3557. Let a be h(-5). What is the highest common divisor of l and a?
52
Let p(v) = 2*v**3 + 32*v**2 + 46*v + 179. Let a be p(-13). What is the highest common factor of 340 and a?
85
Suppose -3*x - 78 = -2*a, 4*a = -4*x + 11 + 125. Let l be 0 + -1 - (3 + (-2 - 0)). Let k be 20*(6 - -2) - l/1. Calculate the highest common factor of a and k.
18
Suppose 65*l - 7229 = 56*l + 3328. Calculate the greatest common factor of l and 1104.
69
Let v = 24378 + -20594. Calculate the highest common factor of 792 and v.
88
Let l(v) = -19*v - 22. Let x(f) = f**2 + 2*f - 6. Let y be x(-3). Let a be l(y). What is the highest common divisor of a and 5?
5
Let i = 533 + -531. Let h be ((-1)/i)/((-7785)/1296 - -6). Let f = -4 + 16. What is the highest common factor of f and h?
12
Suppose -3*y = 3*d - 30, 3*d - 3 = -y + 9. Suppose -y = 9*u + 27. Let q be -3 + 0/u + 39. What is the greatest common factor of q and 9?
9
Let r = 423 + -408. Suppose 22*n - 693 = r*n. What is the greatest common divisor of n and 36?
9
Let c(z) = 605*z**2 - 82*z + 39. Let b be c(3). Calculate the highest common divisor of b and 9.
9
Suppose -2*v = -3*c - 10 - 8, 0 = -2*v - 5*c + 18. Suppose 6*a - 159 = v*a. Let d = -6 - a. What is the highest common divisor of 376 and d?
47
Let u be ((-6)/5)/(17/(-510)). Let w = 4 + 1. Suppose c = -c - n + 9, -3*n = w*c - 23. What is the highest common divisor of c and u?
4
Let s = 121 + -72. Suppose f + 4*x - 108 = -f, 186 = 3*f - 2*x. Suppose -f*o = -61*o + 7. What is the highest common divisor of s and o?
7
Let b = -5708 + 7408. Calculate the highest common factor of b and 125.
25
Suppose -10108 + 2366 = -l - v, v = -2*l + 15484. What is the greatest common divisor of 316 and l?
158
Let l(z) = z**2 + 26*z - 24. Suppose -4*v - 462 = -346. Let t be l(v). Let j = 142 + -100. What is the greatest common factor of t and j?
21
Suppose -q = -5*x + 125, 27 = -x - q + 58. Calculate the greatest common factor of 1586 and x.
26
Suppose 0 = 7*k - 16 + 303. Let b = 2 - k. Suppose -3*r - 5*t + b = r, -17 = -r + 5*t. What is the greatest common divisor of 108 and r?
12
Let t(d) = 38*d**3 + 1 - 5 - 6*d**3 - 2*d**2 + 2*d + 3. Let g be t(1). Let o = g - 11. Calculate the highest common factor of o and 4.
4
Let n = -2 + 4. Suppose 3*k = 5*l - 1849, l = n*k + 2*k + 380. Suppose 4*m = -10*m + 644. What is the highest common divisor of l and m?
46
Suppose 25*c = -3*s + 397, 107*s + 3*c = 112*s - 885. Suppose 4*g = 855 - 275. What is the greatest common divisor of g and s?
29
Let w(c) = -c**3 - 3*c**2 - 2*c + 1. Let h be w(-4). Let b be (-6)/(-6) + (27/(-36))/((-3)/16). Calculate the highest common divisor of b and h.
5
Let j be (-8)/((3 + (-235)/75)*5). Let s = -141 - -173. Calculate the greatest common factor of s and j.
4
Suppose -680 = 21*w - 23*w. Suppose 13*l - w = 3*l. What is the highest common divisor of l and 238?
34
Let l be (44/(-6))/(11/(-957)). Suppose 254 - l = -16*r. Suppose 5*v - 143 = 157. What is the greatest common factor of v and r?
12
Let d = -47 + 54. Suppose 5 = 2*m + 2*s - d, 4*s + 12 = 2*m. Suppose -g - m = -114. What is the greatest common factor of g and 18?
18
Suppose 4*v - 31 = -5*l, 494*l - 57 = -3*v + 497*l. Let f be 3/6 + (-699)/(-2). What is the greatest common divisor of v and f?
14
Suppose 14*r + 37 - 1875